{"id":31,"date":"2019-12-19T08:41:38","date_gmt":"2019-12-19T08:41:38","guid":{"rendered":"https:\/\/test.buerger-cham.ch\/staging\/?page_id=31"},"modified":"2024-03-04T07:57:41","modified_gmt":"2024-03-04T07:57:41","slug":"die-buergergemeinde","status":"publish","type":"page","link":"https:\/\/buerger-cham.ch\/?page_id=31","title":{"rendered":"Die B\u00fcrgergemeinde"},"content":{"rendered":"<p>[et_pb_section fb_built=&#8220;1&#8243; _builder_version=&#8220;4.16&#8243; background_color=&#8220;#ffffff&#8220; custom_margin=&#8220;||-1px||false|false&#8220; custom_padding=&#8220;||0px|12px|false|false&#8220; global_colors_info=&#8220;{}&#8220;][et_pb_row _builder_version=&#8220;4.16&#8243; custom_padding=&#8220;||0px|||&#8220; global_colors_info=&#8220;{}&#8220;][et_pb_column type=&#8220;4_4&#8243; _builder_version=&#8220;4.16&#8243; global_colors_info=&#8220;{}&#8220;][et_pb_image src=&#8220;https:\/\/buerger-cham.ch\/wp-content\/uploads\/2020\/02\/die-B\u00fcrgergemeinde-zugeschnitten.jpg&#8220; _builder_version=&#8220;4.16&#8243; custom_margin=&#8220;||61px||false|false&#8220; global_colors_info=&#8220;{}&#8220;][\/et_pb_image][\/et_pb_column][\/et_pb_row][et_pb_row _builder_version=&#8220;4.16&#8243; custom_margin=&#8220;-4px||||false|false&#8220; custom_padding=&#8220;0px|||3px|false|false&#8220; global_colors_info=&#8220;{}&#8220;][et_pb_column type=&#8220;4_4&#8243; _builder_version=&#8220;4.16&#8243; global_colors_info=&#8220;{}&#8220;][et_pb_text _builder_version=&#8220;4.16&#8243; text_text_color=&#8220;#000000&#8243; text_font_size=&#8220;37px&#8220; text_line_height=&#8220;1em&#8220; text_font_size_tablet=&#8220;&#8220; text_font_size_phone=&#8220;26px&#8220; text_font_size_last_edited=&#8220;on|phone&#8220; global_colors_info=&#8220;{}&#8220;]<\/p>\n<p>Die B\u00fcrgergemeinde<\/p>\n<p>[\/et_pb_text][\/et_pb_column][\/et_pb_row][et_pb_row custom_padding_last_edited=&#8220;on|desktop&#8220; _builder_version=&#8220;4.16&#8243; background_color=&#8220;rgba(0,0,0,0)&#8220; width=&#8220;100%&#8220; module_alignment=&#8220;center&#8220; custom_margin=&#8220;|0px|85px|0px|false|false&#8220; custom_margin_tablet=&#8220;&#8220; custom_margin_phone=&#8220;|0px|85px|0px|false|false&#8220; custom_margin_last_edited=&#8220;on|phone&#8220; custom_padding=&#8220;48px|0px|51px|7px|false|false&#8220; custom_padding_tablet=&#8220;&#8220; custom_padding_phone=&#8220;8px|36px|46px|40px|false|false&#8220; border_radii=&#8220;on|17px|17px|17px|17px&#8220; global_colors_info=&#8220;{}&#8220;][et_pb_column type=&#8220;4_4&#8243; _builder_version=&#8220;4.16&#8243; global_colors_info=&#8220;{}&#8220;][et_pb_text _builder_version=&#8220;4.16&#8243; text_text_color=&#8220;#000000&#8243; text_font_size=&#8220;17px&#8220; custom_margin=&#8220;|0px||0px|false|false&#8220; custom_padding=&#8220;|0px|||false|false&#8220; text_font_size_tablet=&#8220;&#8220; text_font_size_phone=&#8220;17px&#8220; text_font_size_last_edited=&#8220;on|phone&#8220; global_colors_info=&#8220;{}&#8220;]<\/p>\n<p>Die B\u00fcrgergemeinde Cham ist eine der elf B\u00fcrgergemeinden des Kantons Zug. Das Gemeindegesetz aus dem Jahre 1980 weist den B\u00fcrgergemeinden folgende Aufgaben zu:<\/p>\n<p>[\/et_pb_text][et_pb_text _builder_version=&#8220;4.16&#8243; _dynamic_attributes=&#8220;link_option_url&#8220; text_font_size=&#8220;17px&#8220; custom_margin=&#8220;-17px|0px||20px|false|false&#8220; custom_padding=&#8220;1px||||false|false&#8220; link_option_url=&#8220;@ET-DC@eyJkeW5hbWljIjp0cnVlLCJjb250ZW50IjoicG9zdF9saW5rX3VybF9wYWdlIiwic2V0dGluZ3MiOnsicG9zdF9pZCI6IjY1NSJ9fQ==@&#8220; global_colors_info=&#8220;{}&#8220;]<\/p>\n<ul>\n<li><a href=\"?page_id=36\"><span style=\"color: #dc143c;\">Erteil<\/span><span style=\"color: #dc143c;\">ung<\/span><span style=\"color: #dc143c;\"> des Gemeindeb\u00fcrgerrechtes<\/span><\/a><\/li>\n<li><span style=\"color: #000000;\">Sozial- und Vormundschaftswesen f\u00fcr die an ihrem Heimatort wohnenden B\u00fcrger<\/span><\/li>\n<li><span style=\"color: #000000;\">Verwaltung des B\u00fcrgergutes<\/span><\/li>\n<li><span style=\"color: #000000;\">F\u00f6rderung der Heimatverbundenheit<\/span><\/li>\n<\/ul>\n<p>[\/et_pb_text][et_pb_text _builder_version=&#8220;4.16&#8243; text_font_size=&#8220;17px&#8220; width=&#8220;100%&#8220; min_height=&#8220;195px&#8220; custom_margin=&#8220;0px|||0px|false|false&#8220; custom_padding=&#8220;20px||||false|false&#8220; link_option_url_new_window=&#8220;on&#8220; global_colors_info=&#8220;{}&#8220;]<\/p>\n<p><span style=\"color: #000000;\">Die B\u00fcrgergemeinde Cham ist im Weiteren Tr\u00e4gerin des <a href=\"http:\/\/www.pfz-ennetsee.ch\/\"><span style=\"color: #dc143c;\">Pflegezentrums Ennetsee Cham.<\/span><\/a> Es wurde in zwei Etappen erstellt: 2002 wurde das neue Pfegezentrum Ennetsee Cham eingeweiht und in Betrieb genommen, 2016 der Erweiterungsbau mit Demenzabteilung.<\/span><\/p>\n<p><span style=\"color: #000000;\">Im Herbst 1997 ist die B\u00fcrgergemeinde zudem eine enge Zusammenarbeit mit der <span style=\"color: #dc143c;\"><a href=\"https:\/\/www.hirslanden.ch\/de\/andreasklinik-cham-zug\/home.html\" style=\"color: #dc143c; text-decoration: underline;\">AndreasKlinik Cham Zug<\/a><\/span> eingegangen. Das Klinikgeb\u00e4ude (<a href=\"https:\/\/www.chamapedia.ch\/wiki\/Asyl_Cham\"><span style=\"color: #dc143c;\">das fr\u00fchere Asyl und heutige \u00c4rztehaus<\/span><\/a>) an die AndreasKlinik abgegeben worden.<\/span><\/p>\n<p><span style=\"color: #000000; font-size: 17px;\"><br \/> Die B\u00fcrgergemeinde Cham ist im Besitze weiterer Immobilien:<\/span><\/p>\n<p>&nbsp;<\/p>\n<p>[\/et_pb_text][et_pb_text _builder_version=&#8220;4.16&#8243; text_font_size=&#8220;17px&#8220; custom_margin=&#8220;-55px|||20px|false|false&#8220; custom_padding=&#8220;0px||||false|false&#8220; global_colors_info=&#8220;{}&#8220;]<\/p>\n<ul>\n<li><span style=\"color: #000000;\">Mehrfamilienhaus\u00a0<a href=\"https:\/\/buerger-cham.ch\/?page_id=384\"><span style=\"color: #dc143c;\">Rigistrasse 8<\/span><\/a><\/span><\/li>\n<li><span style=\"color: #000000;\">Liegenschaft <\/span><span style=\"color: #ff0000;\"><a href=\"?page_id=1703\" style=\"color: #ff0000;\">Rigistrasse 7<\/a><\/span><\/li>\n<li><span style=\"color: #000000;\"><a href=\"?page_id=389&amp;et_fb=1&amp;PageSpeed=off\"><span style=\"color: #dc143c;\">Wirtschaftsgeb\u00e4udes <\/span><\/a>(\u00abWaschh\u00e4uschen\u00bb), das 2001 einer gr\u00fcndlichen Renovation unterzogen wurde.<\/span><span style=\"color: #000000;\"><\/span><\/li>\n<\/ul>\n<p><span style=\"color: #000000;\">Die B\u00fcrgergemeinde ist ausserdem Eigent\u00fcmerin einer Parzelle Wald bei Hagendorn.<\/span><\/p>\n<p>[\/et_pb_text][\/et_pb_column][\/et_pb_row][et_pb_row _builder_version=&#8220;4.16&#8243; module_alignment=&#8220;center&#8220; custom_margin=&#8220;-100px|0px||0px|false|false&#8220; custom_padding=&#8220;0px|0px||0px|false|false&#8220; global_colors_info=&#8220;{}&#8220;][et_pb_column type=&#8220;4_4&#8243; _builder_version=&#8220;4.16&#8243; global_colors_info=&#8220;{}&#8220;][et_pb_image src=&#8220;https:\/\/buerger-cham.ch\/wp-content\/uploads\/2020\/02\/Logo-B\u00fcrgergemeinde-Cham-neu.jpg&#8220; show_bottom_space_tablet=&#8220;&#8220; show_bottom_space_phone=&#8220;&#8220; show_bottom_space_last_edited=&#8220;on|phone&#8220; _builder_version=&#8220;4.16&#8243; transform_rotate=&#8220;0deg|0deg|354deg&#8220; width=&#8220;26%&#8220; custom_margin=&#8220;0px|||-15px|false|false&#8220; global_colors_info=&#8220;{}&#8220;][\/et_pb_image][\/et_pb_column][\/et_pb_row][\/et_pb_section]<\/p>\n","protected":false},"excerpt":{"rendered":"<p>Die B\u00fcrgergemeindeDie B\u00fcrgergemeinde Cham ist eine der elf B\u00fcrgergemeinden des Kantons Zug. Das Gemeindegesetz aus dem Jahre 1980 weist den B\u00fcrgergemeinden folgende Aufgaben zu: Erteilung des Gemeindeb\u00fcrgerrechtes Sozial- und Vormundschaftswesen f\u00fcr die an ihrem Heimatort wohnenden B\u00fcrger Verwaltung des B\u00fcrgergutes F\u00f6rderung der Heimatverbundenheit Die B\u00fcrgergemeinde Cham ist im Weiteren Tr\u00e4gerin des Pflegezentrums Ennetsee Cham. Es [&hellip;]<\/p>\n","protected":false},"author":1,"featured_media":0,"parent":0,"menu_order":0,"comment_status":"closed","ping_status":"closed","template":"","meta":{"_et_pb_use_builder":"on","_et_pb_old_content":"<!-- wp:divi\/placeholder \/-->","_et_gb_content_width":"","footnotes":""},"_links":{"self":[{"href":"https:\/\/buerger-cham.ch\/index.php?rest_route=\/wp\/v2\/pages\/31"}],"collection":[{"href":"https:\/\/buerger-cham.ch\/index.php?rest_route=\/wp\/v2\/pages"}],"about":[{"href":"https:\/\/buerger-cham.ch\/index.php?rest_route=\/wp\/v2\/types\/page"}],"author":[{"embeddable":true,"href":"https:\/\/buerger-cham.ch\/index.php?rest_route=\/wp\/v2\/users\/1"}],"replies":[{"embeddable":true,"href":"https:\/\/buerger-cham.ch\/index.php?rest_route=%2Fwp%2Fv2%2Fcomments&post=31"}],"version-history":[{"count":67,"href":"https:\/\/buerger-cham.ch\/index.php?rest_route=\/wp\/v2\/pages\/31\/revisions"}],"predecessor-version":[{"id":2201,"href":"https:\/\/buerger-cham.ch\/index.php?rest_route=\/wp\/v2\/pages\/31\/revisions\/2201"}],"wp:attachment":[{"href":"https:\/\/buerger-cham.ch\/index.php?rest_route=%2Fwp%2Fv2%2Fmedia&parent=31"}],"curies":[{"name":"wp","href":"https:\/\/api.w.org\/{rel}","templated":true}]}}